when 9933 is divided by 30?
3
Calculate the remainder when 4063 is divided by 1061.
880
Calculate the remainder when 38093 is divided by 106.
39
Calculate the remainder when 2463 is divided by 816.
15
What is the remainder when 1275 is divided by 61?
55
What is the remainder when 14435 is divided by 1434?
95
What is the remainder when 4813378 is divided by 68?
66
What is the remainder when 660 is divided by 290?
80
What is the remainder when 8940 is divided by 308?
8
What is the remainder when 5844 is divided by 1167?
9
What is the remainder when 10109 is divided by 749?
372
What is the remainder when 34507 is divided by 48?
43
What is the remainder when 203473 is divided by 67805?
58
Calculate the remainder when 826 is divided by 220.
166
What is the remainder when 45079 is divided by 22533?
13
Calculate the remainder when 357 is divided by 54.
33
What is the remainder when 770 is divided by 554?
216
What is the remainder when 1305 is divided by 228?
165
Calculate the remainder when 47438 is divided by 32.
14
Calculate the remainder when 103732 is divided by 34476.
304
Calculate the remainder when 23598 is divided by 2947.
22
Calculate the remainder when 1634 is divided by 364.
178
Calculate the remainder when 7523 is divided by 74.
49
Calculate the remainder when 2801 is divided by 353.
330
What is the remainder when 5090 is divided by 364?
358
What is the remainder when 189251 is divided by 18?
17
Calculate the remainder when 2369 is divided by 79.
78
What is the remainder when 3339 is divided by 119?
7
Calculate the remainder when 58354 is divided by 328.
298
Calculate the remainder when 11019 is divided by 1003.
989
Calculate the remainder when 182738 is divided by 266.
262
What is the remainder when 20670 is divided by 324?
258
What is the remainder when 227300 is divided by 1709?
3
Calculate the remainder when 3939 is divided by 752.
179
Calculate the remainder when 25355 is divided by 1206.
29
Calculate the remainder when 134189 is divided by 41.
37
What is the remainder when 1445995 is divided by 30?
25
Calculate the remainder when 30130 is divided by 1158.
22
What is the remainder when 4626 is divided by 33?
6
What is the remainder when 8416 is divided by 316?
200
What is the remainder when 5829 is divided by 114?
15
What is the remainder when 161276 is divided by 560?
556
Calculate the remainder when 139762 is divided by 3882.
10
Calculate the remainder when 15835 is divided by 203.
1
Calculate the remainder when 36428 is divided by 1817.
88
Calculate the remainder when 545616 is divided by 42.
36
What is the remainder when 4420 is divided by 79?
75
Calculate the remainder when 8491 is divided by 4242.
7
What is the remainder when 77220 is divided by 56?
52
Calculate the remainder when 426298 is divided by 8198.
2
What is the remainder when 98756 is divided by 5809?
3
Calculate the remainder when 45514 is divided by 11375.
14
Calculate the remainder when 166307 is divided by 62.
23
What is the remainder when 5409 is divided by 2703?
3
Calculate the remainder when 566590 is divided by 48.
46
Calculate the remainder when 489214 is divided by 32.
30
Calculate the remainder when 2714 is divided by 1321.
72
What is the remainder when 59 is divided by 11?
4
What is the remainder when 106137 is divided by 58?
55
Calculate the remainder when 12701 is divided by 219.
218
Calculate the remainder when 25528 is divided by 46.
44
What is the remainder when 3124 is divided by 610?
74
Calculate the remainder when 333380 is divided by 299.
294
What is the remainder when 2605 is divided by 2241?
364
What is the remainder when 145397 is divided by 200?
197
What is the remainder when 91390 is divided by 143?
13
Calculate the remainder when 1235517 is divided by 352.
349
What is the remainder when 40704 is divided by 206?
122
What is the remainder when 19865 is divided by 3952?
105
What is the remainder when 7277 is divided by 291?
2
What is the remainder when 81273 is divided by 760?
713
What is the remainder when 1421 is divided by 89?
86
What is the remainder when 378788 is divided by 34?
28
What is the remainder when 40195 is divided by 10045?
15
Calculate the remainder when 4740 is divided by 66.
54
Calculate the remainder when 1701 is divided by 97.
52
Calculate the remainder when 7028 is divided by 153.
143
Calculate the remainder when 62338 is divided by 62331.
7
What is the remainder when 1349488 is divided by 31?
27
Calculate the remainder when 4398 is divided by 1012.
350
Calculate the remainder when 24988 is divided by 4163.
10
What is the remainder when 23121 is divided by 304?
17
Calculate the remainder when 515651 is divided by 73660.
31
What is the remainder when 220739 is divided by 30?
29
What is the remainder when 775397 is divided by 100?
97
Calculate the remainder when 6498 is divided by 18.
0
Calculate the remainder when 4445 is divided by 3106.
1339
What is the remainder when 31777 is divided by 556?
85
Calculate the remainder when 170701 is divided by 454.
451
What is the remainder when 755086 is divided by 48?
46
Calculate the remainder when 3372 is divided by 307.
302
Calculate the remainder when 3152 is divided by 9.
2
Calculate the remainder when 527994 is divided by 167.
107
What is the remainder when 7647 is divided by 126?
87
Calculate the remainder when 53421 is divided by 318.
315
What is the remainder when 5439 is divided by 341?
324
What is the remainder when 287961 is divided by 415?
366
What is the remainder when 66975 is divided by 104?
103
What is the remainder when 64793 is divided by 87?
65
What is the remainder when 4694 is divided by 1170?
14
What is the remainder when 46679 is divided by 322?
311
What is the remainder when 10852 is divided by 4?
0
What is the remainder when 132454 is divided by 10187?
23
What is the remainder when 39928 is divided by 209?
9
Calculate the remainder when 2627 is divided by 753.
368
Calculate the remainder when 221627 is divided by 786.
761
What is the remainder when 1410 is divided by 222?
78
Calculate the remainder when 2009 is divided by 205.
164
What is the remainder when 404587 is divided by 359?
353
What is the remainder when 2661 is divided by 31?
26
What is the remainder when 17155 is divided by 2143?
11
Calculate the remainder when 54400 is divided by 425.
0
Calculate the remainder when 23754 is divided by 4749.
9
Calculate the remainder when 4450 is divided by 4334.
116
What is the remainder when 8358 is divided by 143?
64
What is the remainder when 154936 is divided by 51643?
7
Calculate the remainder when 798 is divided by 303.
192
Calculate the remainder when 94803 is divided by 636.
39
What is the remainder when 5245 is divided by 309?
301
Calculate the remainder when 6119 is divided by 2.
1
Calculate the remainder when 59205 is divided by 822.
21
Calculate the remainder when 13569 is divided by 1915.
164
What is the remainder when 151218 is divided by 35?
18
What is the remainder when 9622 is divided by 20?
2
Calculate the remainder when 1666 is divided by 413.
14
What is the remainder when 423 is divided by 11?
5
What is the remainder when 764 is divided by 736?
28
What is the remainder when 28550 is divided by 94?
68
What is the remainder when 9187 is divided by 4588?
11
What is the remainder when 5244 is divided by 1454?
882
Calculate the remainder when 18979 is divided by 260.
259
Calculate the remainder when 20308 is divided by 5076.
4
What is the remainder when 412398 is divided by 1185?
18
Calculate the remainder when 2004 is divided by 441.
240
Calculate the remainder when 832 is divided by 112.
48
Calculate the remainder when 22883 is divided by 4469.
538
What is the remainder when 7063 is divided by 29?
16
What is the remainder when 5946 is divided by 5814?
132
What is the remainder when 2831 is divided by 15?
11
Calculate the remainder when 5079 is divided by 81.
57
Calculate the remainder when 4617 is divided by 256.
9
What is the remainder when 19066 is divided by 702?
112
What is the remainder when 16599 is divided by 70?
9
Calculate the remainder when 69602 is divided by 2895.
122
What is the remainder when 75434 is divided by 3?
2
Calculate the remainder when 1360 is divided by 193.
9
What is the remainder when 59810 is divided by 19889?
143
W